9 + w = 0. Is l prime?
True
Let j be (-3 - -526 - -4)*(1 - -4). Suppose -p = -4*i - j, 4*p - 7894 - 2703 = -3*i. Is p a prime number?
True
Let s be 4 + 5524708/21 - 4/3. Is 2/(-6)*2 - s/(-12) a composite number?
True
Let a = 75221 + -20336. Suppose 3*x - 3*m = 32958, 0 = -5*x - 5*m + m + a. Is x a composite number?
True
Let v = 20117 + 27422. Is v composite?
True
Let m(w) = -4*w + 5. Let n(b) = 11*b - 16. Let p(z) = -8*m(z) - 3*n(z). Let f be p(9). Let x(k) = -318*k**3 + 2*k**2 - 1. Is x(f) a composite number?
True
Suppose 1679*c - 1677*c - 4057718 = 0. Is c composite?
True
Let p(f) = 1001*f + 238. Let l be 18*(22/(-4) - -6). Is p(l) prime?
False
Let g = -97013 - -244066. Is g a prime number?
False
Let u be (-2)/(-3)*6 + -134. Let f be u/(-40) - 3/24*2. Is 2 - -673 - (-12)/(f/(-1)) a composite number?
True
Let t = 3052 - -4700. Let d = t + -4261. Is d composite?
False
Let o(t) = -25*t**3 - t**2 + 6*t + 59. Let f = 135 + -142. Is o(f) composite?
False
Let m(h) = -35*h + 12*h + 1 + 22. Let n be 15/18 - 3621/1278. Is m(n) a prime number?
False
Let j be (266/(-56))/(1/(-4)). Is 29/(-1)*(-5263)/j a composite number?
True
Let s be (-1 - -2)*(8 + -14) + 0. Let q(k) = -k**3 - 44*k**2 - 83*k + 34. Let n be q(-42). Is (1531/4 - s/n)/2 a prime number?
True
Let j = 151 + -213. Let f = j + 67. Suppose -2290 = f*m - 11905. Is m a prime number?
False
Suppose 31141 = 8*d + 3*d. Suppose d = 9*y - 3586. Is y a prime number?
False
Suppose 0 = -2*y + 4*a + 220026, -18*a + 440044 = 4*y - 22*a. Is y composite?
True
Let a = -721 + 781. Is 2/(-20) + 925626/a a prime number?
True
Suppose 0 = -13*m + 51896 + 352911. Is m prime?
True
Let s = -372 + 377. Is (-3662 + s - 2)/(-1) a prime number?
True
Is 1*66317 - (-15 + -1*(4 - 13)) a prime number?
False
Let u(n) = -2*n**2 - 10*n - 8. Let v be u(-6). Suppose 4*c = 5*j - 235, -5*j - 64 = c + 1. Is (v/c)/((-2)/(-1266)) a prime number?
True
Let w(v) = -689*v - 56. Let c be w(-7). Suppose -x = -4*m + 3818, 0 = 5*m - 2*x - 2*x - c. Is m composite?
True
Let i(c) = 2*c + 28. Let m be i(-7). Suppose 11*b + m*b = 3625. Is b prime?
False
Let s(w) = -15*w**3 - 8*w**2 - 17*w - 25. Let o = 292 - 300. Is s(o) composite?
True
Suppose -63*y - 311997 = -84*y. Is y prime?
False
Suppose -3*j = 30 - 57. Is ((-6)/j)/(8/(-40164)) a prime number?
True
Suppose 10*c - 5*c = -2*u + 29, 0 = 4*c + 2*u - 24. Let g(n) = 77*n**3 + 7*n**2 - 2*n + 1. Is g(c) prime?
True
Let w(r) = -868*r + 218 - 162*r + 1005*r + 4308*r + 68. Is w(5) prime?
True
Let f = 307 + -305. Suppose -2*p + 4383 = 5*h + 1260, f*h - 1226 = 5*p. Is h a composite number?
True
Let y(q) = 54287*q - 268. Is y(3) a composite number?
False
Suppose -26*h + 22 = -82. Suppose 5*x - 2605 = 2*w, 0*w = 3*x + h*w - 1563. Is x a prime number?
True
Let h = -229876 - -341675. Is h prime?
True
Let g(i) = 19*i**2 + 40*i + 1699. Is g(-46) composite?
False
Suppose 0 = 12*r - 50 - 34. Suppose 0 = -r*i - 7*i + 185738. Is i a prime number?
True
Let j = 2618 + -4872. Let h = 6303 + j. Is h prime?
True
Let j(x) = -2*x**3 + 77*x**2 + 29*x + 43. Is j(24) a prime number?
True
Let l(w) = 960*w**2 - 31*w - 391. Is l(-10) a composite number?
True
Let q(d) = 1 + 10 - 2 + 7*d - 6*d + 47*d**2. Let g be q(4). Let m = 1732 - g. Is m composite?
False
Let a = -53 + 60. Let y be a*6/14 - (1 - 45). Let o = y - -40. Is o a prime number?
False
Suppose 5*v + 16 = 9*v. Suppose 6161 - 2237 = v*u. Suppose 5*a - u = 34. Is a prime?
False
Is 1645/10*1626176/224 a prime number?
False
Let t be (6 - -8321) + (-6)/(-1). Let x = t + -3394. Is x a prime number?
False
Let a(m) = 8*m**3 - 38*m**2 + 39*m - 134. Is a(27) prime?
True
Let n(r) = -r - 649*r**2 + 0*r + 720*r**2 + 17 + 8*r. Is n(-3) composite?
True
Suppose 0 = -34*p + 13*p + 17767060 - 3757183. Is p prime?
False
Suppose -274*z - 2953113 = -331*z. Is z a prime number?
False
Let y = -19971 + 31064. Suppose 24835 + y = 4*z. Is 11/44 + z/8 composite?
False
Suppose 4*j = 7*d - 5*d + 22, 0 = 4*d + 4*j - 4. Let v(n) = -194*n**3 + n**2 - 4*n - 2. Is v(d) a prime number?
False
Suppose 2*q - 1 - 3 = -5*r, -q - 5*r = -7. Let a(v) = 83*v**2 + 4*v + 4. Is a(q) a composite number?
False
Suppose 26247328 = 214*p - 39615666. Is p composite?
True
Suppose 0 = -198*j + 290192836 + 18079898. Is j composite?
True
Let a(q) = 37273*q**2 - q - 7. Is a(-2) a prime number?
True
Let c be (-6)/(-9)*((-21)/2)/7. Let u be 13 + -8 - c*11. Is ((u - 1398)*2/4)/(-1) composite?
False
Let m = 14937 + -21964. Let p = m + 4799. Let g = 5391 + p. Is g composite?
False
Let w = -267042 - -424499. Is w composite?
False
Let v = -67 - -70. Suppose -2*c + 4082 = -3*k + k, -5*c + 4*k = -10200. Suppose v*j = -j + c. Is j a prime number?
True
Suppose h - 247192 = -4*t + 3*t, -3*t + 2966223 = 12*h. Is h composite?
False
Let k(l) = -43*l**3 - l + 2. Let i be k(1). Let v = i + 78. Suppose -32*d = -v*d + 2648. Is d composite?
True
Suppose 12 = 4*k, 7*k - 3*k = 2*s + 8. Suppose 5*c = -3*g + 90, g - 4*c = -s*g + 117. Let p = g + 1064. Is p composite?
True
Let s be (46 + -48)*-1354*1. Let m = 13489 - s. Is m composite?
False
Suppose 775 = 4*m - 2*m - s, -m = 5*s - 382. Let q = -124 + m. Is q composite?
False
Let f(q) = 2*q**3 + 55*q**2 + 26*q - 23. Let p be f(-27). Suppose -5*j - d = -54087, 2*j + p*d - 21636 = 3*d. Is j a prime number?
False
Let q(p) = -236*p - 950. Is q(-24) a composite number?
True
Is 3/2*(9 + 8 + -21) - -35497 a prime number?
True
Let o(v) = 18*v**2 + 153*v + 61. Is o(-20) a prime number?
True
Let i(o) = -3*o + 21. Let d be i(7). Suppose -2*t + 8 = d, 0*b - 4*t + 14580 = 4*b. Is b a composite number?
True
Suppose -14*u + 4*p + 1785 = -17*u, 0 = -u + 3*p - 582. Let j = 1292 + u. Is j prime?
True
Let u(q) = -1398*q - 1247. Is u(-30) a prime number?
True
Let p(c) = 1221*c**2 - 168*c + 2545. Is p(16) prime?
False
Let b be (-3)/(-3) - -9*2. Let v be (-17 + b)*(-3)/(-2). Suppose 3*y = 3*w - 1908, -v*w = 5*y - 2219 + 271. Is w a prime number?
True
Suppose 29*r - 172632 - 746393 = 4*r. Is r a composite number?
False
Suppose -25*h + 10 = -23*h. Suppose -4*a = -h*a - 2028. Let n = -1229 - a. Is n composite?
True
Suppose -38 = 7*x - 178. Is ((-9028)/x)/(1/(15/(-3))) composite?
True
Let t = 540037 + -297996. Is t a prime number?
False
Suppose 7504 = -8*j - 8*j. Let o = j + 2672. Is o a prime number?
True
Let h(p) = p**3 + 85*p**2 - 79*p + 141. Is h(-44) composite?
True
Let h(t) be the third derivative of t**6/120 + t**5/60 - t**4/6 - 5*t**3/6 - t**2 - 24. Is h(4) a prime number?
True
Suppose 92*b - 12250924 = 47414296. Is b prime?
False
Let o = 80 + -75. Suppose o*g - 485 = -2*y + 241, -y + 333 = -5*g. Suppose d = -4*u + 2003, -y = -u - 3*d + 134. Is u prime?
False
Let u be (-6)/4*(-19)/((-285)/(-400)). Suppose 0 = u*q - 25*q - 17565. Is q a prime number?
True
Suppose -4*b - 42977 = 229*s - 230*s, -3*s = 5*b - 128863. Is s a composite number?
False
Suppose -x = 10 - 27. Suppose x*r - 2818 = 15*r. Is r a prime number?
True
Let n(i) = -i**2 - 11*i + 10. Let s = 43 + -55. Let l be n(s). Is l/(-1 + -2 - 5318/(-1774)) composite?
False
Let o = 282 + -1989. Let n = o - -5693. Is n prime?
False
Let b = -1737 + 7898. Is b prime?
False
Let k(s) = -8*s**2 - 29*s - 13. Let u be k(-3). Suppose -61345 = -3*x + 4*t, 2*t + 16127 = -u*x + 57047. Is x composite?
True
Let q = 14497 + 46812. Is q composite?
True
Let w = -10356 - -19063. Is w composite?
False
Is (1/4)/(1/(-2) + (-7623330)/(-15246640)) a composite number?
True
Let r(a) = 853*a**2 - 38*a - 81. Let y(j) = 285*j**2 - 13*j - 27. Let z(l) = 6*r(l) - 17*y(l). Is z(-5) composite?
False
Let i(t) = t**3 - 17*t**2 + 33*t + 34. Let g(o) = -o**3 + 13*o**2 - 3*o + 62. Let d be g(13). Is i(d) composite?
False
Let v(k) be the first derivative of k**3 - 40*k**2 + 42*k - 43. Is v(-43) a composite number?
False
Suppose b - p = 14 - 3, 3*b + 4*p = -2. Suppose v = 3*r - v - b, -2*r = -4*v - 4. Suppose r*j = 396 + 398. Is j composite?
False
Let y(o) be the third derivative of 197*o**4/24 + 16*o**3/3 - 6*o**2 - 5*o. Is y(7) a composite number?
True
Let g(s) = 121 - 277*s**2 + 567*s**2 - 4*s - 3*s + 3*s - 284*s**2. Is g(8) a prime number?
False
Suppose 15*j - 129666 = -36891. Suppose 0 = -3*d - 5*r + 17636 - j, -5*d + 19085 = -3*r. Is d prime?
False
Let q = 291119 - 26922. Is q a composite number?
